ivided by 41.
13
Calculate the remainder when 5819085 is divided by 3811.
3499
Calculate the remainder when 73215 is divided by 2820.
2715
Calculate the remainder when 44797 is divided by 7388.
469
What is the remainder when 16478498 is divided by 5492823?
29
Calculate the remainder when 545190454 is divided by 9889.
9884
What is the remainder when 61742789 is divided by 338?
329
Calculate the remainder when 55408 is divided by 4205.
743
What is the remainder when 2146700 is divided by 410?
350
Calculate the remainder when 251431295 is divided by 9.
5
Calculate the remainder when 14931765 is divided by 39294.
45
What is the remainder when 255741 is divided by 50?
41
What is the remainder when 8970543 is divided by 1761?
9
Calculate the remainder when 9587201 is divided by 30.
11
Calculate the remainder when 158686 is divided by 157498.
1188
What is the remainder when 82620645 is divided by 3564?
3561
What is the remainder when 4326305 is divided by 6911?
19
Calculate the remainder when 37509056 is divided by 72.
8
Calculate the remainder when 16172705 is divided by 84.
17
What is the remainder when 1058999 is divided by 6701?
241
Calculate the remainder when 123105 is divided by 24552.
345
Calculate the remainder when 45937 is divided by 4375.
2187
What is the remainder when 8846 is divided by 5758?
3088
What is the remainder when 17921996 is divided by 100?
96
What is the remainder when 4392482 is divided by 4392464?
18
Calculate the remainder when 1883618 is divided by 28.
2
Calculate the remainder when 57315 is divided by 6309.
534
Calculate the remainder when 79330 is divided by 15845.
105
What is the remainder when 940484 is divided by 470231?
22
What is the remainder when 1749359 is divided by 45?
29
Calculate the remainder when 317496958 is divided by 360.
358
Calculate the remainder when 2124235 is divided by 29083.
1176
Calculate the remainder when 32441 is divided by 10471.
1028
What is the remainder when 25651889 is divided by 198?
197
What is the remainder when 22527298 is divided by 968?
2
Calculate the remainder when 679322 is divided by 56609.
14
What is the remainder when 28041186 is divided by 2234?
18
What is the remainder when 60715998 is divided by 337311?
18
Calculate the remainder when 977086 is divided by 2262.
2164
Calculate the remainder when 2806458 is divided by 8303.
44
Calculate the remainder when 6541869 is divided by 8630.
329
Calculate the remainder when 71961 is divided by 6523.
208
Calculate the remainder when 74505 is divided by 9304.
73
What is the remainder when 268356 is divided by 1237?
1164
Calculate the remainder when 63758 is divided by 5267.
554
Calculate the remainder when 3046093 is divided by 380758.
29
What is the remainder when 16589694 is divided by 663587?
19
What is the remainder when 106908999 is divided by 35636324?
27
What is the remainder when 1228679 is divided by 301?
298
What is the remainder when 71524 is divided by 14252?
264
Calculate the remainder when 3960292 is divided by 360021.
61
Calculate the remainder when 8858539 is divided by 3148.
67
Calculate the remainder when 7242782 is divided by 34164.
14
Calculate the remainder when 55179954 is divided by 13.
11
Calculate the remainder when 7318421 is divided by 1105.
6
What is the remainder when 786318 is divided by 9472?
142
What is the remainder when 2689224 is divided by 2688?
1224
Calculate the remainder when 420002730 is divided by 59.
20
What is the remainder when 3884544 is divided by 1728?
0
What is the remainder when 23402581 is divided by 354?
349
What is the remainder when 29961883 is divided by 1496?
1491
What is the remainder when 44131347 is divided by 124?
119
Calculate the remainder when 2084236 is divided by 57.
31
What is the remainder when 5329264 is divided by 71?
4
Calculate the remainder when 968498 is divided by 325.
323
Calculate the remainder when 4804186 is divided by 14.
2
Calculate the remainder when 22489303 is divided by 436.
423
Calculate the remainder when 2440221 is divided by 404.
61
What is the remainder when 12839115 is divided by 4722?
4719
Calculate the remainder when 2955383 is divided by 3171.
11
What is the remainder when 433976 is divided by 831?
194
Calculate the remainder when 311513 is divided by 463.
377
Calculate the remainder when 556427291 is divided by 11650.
11641
What is the remainder when 792154 is divided by 157?
89
Calculate the remainder when 1614951 is divided by 146.
45
Calculate the remainder when 437083007 is divided by 6.
5
Calculate the remainder when 12311178 is divided by 3290.
3288
What is the remainder when 64273 is divided by 507?
391
Calculate the remainder when 101866 is divided by 13972.
4062
What is the remainder when 255111695 is divided by 63?
62
What is the remainder when 840557 is divided by 2764?
301
Calculate the remainder when 90249360 is divided by 9.
6
Calculate the remainder when 16269 is divided by 3560.
2029
What is the remainder when 143417 is divided by 2601?
362
What is the remainder when 109108 is divided by 367?
109
What is the remainder when 2633431 is divided by 3124?
3023
Calculate the remainder when 1355180 is divided by 8.
4
Calculate the remainder when 157811 is divided by 1252.
59
Calculate the remainder when 1905358 is divided by 66.
4
What is the remainder when 36804333 is divided by 40?
13
Calculate the remainder when 454600684 is divided by 1067.
1066
Calculate the remainder when 929432 is divided by 1945.
1667
Calculate the remainder when 2349546 is divided by 65242.
834
Calculate the remainder when 127005 is divided by 7469.
32
What is the remainder when 683663 is divided by 463?
275
What is the remainder when 57037360 is divided by 1214?
1212
What is the remainder when 7198 is divided by 1301?
693
Calculate the remainder when 5288022 is divided by 910.
12
What is the remainder when 755496871 is divided by 7099?
7093
What is the remainder when 2710259 is divided by 28529?
4
What is the remainder when 41160642 is divided by 401?
398
What is the remainder when 1819994 is divided by 625?
619
What is the remainder when 669895 is divided by 47?
4
What is the remainder when 6180970 is divided by 889?
642
Calculate the remainder when 126850 is divided by 42.
10
What is the remainder when 10788747 is divided by 8?
3
What is the remainder when 341183 is divided by 67901?
1678
What is the remainder when 2386809 is divided by 4590?
9
What is the remainder when 8085078 is divided by 799?
796
Calculate the remainder when 6660 is divided by 1610.
220
What is the remainder when 240376 is divided by 7284?
4
Calculate the remainder when 937430 is divided by 104153.
53
Calculate the remainder when 12788708 is divided by 4262521.
1145
Calculate the remainder when 4747058 is divided by 138.
134
What is the remainder when 31710386 is divided by 3171038?
6
Calculate the remainder when 9196251 is divided by 20.
11
What is the remainder when 83118 is divided by 16440?
918
Calculate the remainder when 9860475 is divided by 896.
891
What is the remainder when 608687 is divided by 151?
6
What is the remainder when 60854 is divided by 1531?
1145
What is the remainder when 9309343 is divided by 966?
1
What is the remainder when 15565 is divided by 1907?
309
What is the remainder when 766848 is divided by 17428?
16
What is the remainder when 188666 is divided by 4013?
55
What is the remainder when 1769338 is divided by 115?
63
What is the remainder when 443526 is divided by 565?
1
What is the remainder when 36509880 is divided by 3555?
30
What is the remainder when 8723256 is divided by 46399?
244
Calculate the remainder when 564140 is divided by 18187.
343
Calculate the remainder when 1082104 is divided by 1081917.
187
What is the remainder when 365695 is divided by 1331?
1001
What is the remainder when 4257926 is divided by 877?
91
Calculate the remainder when 63259 is divided by 423.
232
Calculate the remainder when 5111311 is divided by 1277824.
15
Calculate the remainder when 7113643 is divided by 1800.
43
What is the remainder when 19202245 is divided by 2849?
2834
What is the remainder when 1597589 is divided by 1455?
1454
What is the remainder when 14152907 is divided by 19?
16
Calculate the remainder when 261680 is divided by 1666.
118
What is the r